-5ab
What is -2020 (base 3) in base 12?
-50
2010001 (base 5) to base 7
161635
-21234 (base 5) to base 2
-10110100100
Convert 5126 (base 9) to base 12.
2206
Convert -1b46 (base 14) to base 10.
-4962
What is -1497 (base 13) in base 5?
-43442
What is 2330 (base 6) in base 4?
20232
What is b4 (base 13) in base 2?
10010011
Convert -18104 (base 9) to base 4.
-3002332
What is 42535 (base 7) in base 11?
7a31
Convert -64 (base 11) to base 12.
-5a
Convert -3c4 (base 15) to base 7.
-2335
Convert 12a6a (base 12) to base 2.
110010001110010
Convert 4757 (base 13) to base 2.
10011100111011
Convert 24 (base 6) to base 4.
100
-222200 (base 3) to base 15
-330
Convert -1003 (base 6) to base 7.
-432
What is 214 (base 11) in base 16?
101
What is -24 (base 8) in base 13?
-17
-112121212 (base 3) to base 14
-3c57
-100011001 (base 2) to base 9
-342
Convert -10211000 (base 4) to base 16.
-4940
3230101 (base 4) to base 16
3b11
Convert 3214 (base 10) to base 12.
1a3a
Convert -1243 (base 5) to base 16.
-c6
-82 (base 9) to base 2
-1001010
-16516 (base 8) to base 14
-2a3c
51112 (base 9) to base 7
200015
Convert -86f (base 16) to base 5.
-32114
Convert 33160 (base 7) to base 16.
2083
Convert -142 (base 8) to base 7.
-200
What is -1356 (base 9) in base 10?
-1023
-44 (base 14) to base 11
-55
Convert 544414 (base 6) to base 2.
1011000000011010
Convert -1010111001 (base 2) to base 6.
-3121
-20103 (base 4) to base 11
-443
Convert -21 (base 14) to base 8.
-35
-543 (base 8) to base 6
-1351
-331232 (base 4) to base 14
-1622
Convert 12024 (base 7) to base 13.
154b
Convert 292 (base 13) to base 6.
2041
-4055 (base 8) to base 11
-1633
Convert 4c7 (base 13) to base 12.
59b
-133 (base 7) to base 9
-81
What is 735a (base 12) in base 15?
3aed
-1639 (base 10) to base 6
-11331
Convert -43561 (base 7) to base 2.
-10101010101001
What is 14431 (base 6) in base 14?
bbd
What is -3331 (base 4) in base 15?
-11d
Convert 1020 (base 5) to base 3.
12000
-142340 (base 6) to base 13
-6204
10522 (base 6) to base 5
21430
What is 101001011101 (base 2) in base 3?
10122021
Convert 10001000101000 (base 2) to base 9.
12885
Convert 316414 (base 7) to base 16.
d72f
-c (base 15) to base 7
-15
Convert -18018 (base 11) to base 15.
-7773
Convert 3741 (base 10) to base 3.
12010120
What is 275 (base 9) in base 10?
230
What is -23c (base 15) in base 14?
-283
106 (base 16) to base 13
172
Convert 1a68 (base 12) to base 2.
110010110000
What is f757 (base 16) in base 6?
1205051
Convert -a278 (base 13) to base 3.
-1010201220
385 (base 14) to base 12
4a9
377 (base 14) to base 6
3113
What is -2022100200 (base 3) in base 16?
-b193
What is -12202133 (base 4) in base 9?
-40658
What is 14137 (base 10) in base 9?
21347
What is 415 (base 11) in base 5?
4000
What is -1324224 (base 5) in base 7?
-141114
-16a (base 11) to base 13
-122
What is 10032 (base 6) in base 3?
1210202
What is 3027 (base 8) in base 7?
4355
Convert 1654 (base 8) to base 6.
4204
Convert -1031001 (base 5) to base 3.
-220011211
-789 (base 12) to base 8
-2131
596 (base 12) to base 15
3a9
What is 3302120 (base 4) in base 8?
36230
What is -42166 (base 9) in base 4?
-12303003
What is 125a5 (base 12) in base 2?
110000111001101
1bc (base 15) to base 16
192
Convert 158a (base 11) to base 8.
3762
5536 (base 7) to base 9
2647
1212102 (base 3) to base 15
60b
What is 1220222110 (base 3) in base 4?
21100011
What is -2102000 (base 3) in base 15?
-7c0
What is -35388 (base 10) in base 3?
-1210112200
-416 (base 9) to base 3
-110120
5431 (base 11) to base 4
1300011
Convert 100100001111 (base 2) to base 8.
4417
What is -2810 (base 11) in base 2?
-111000111001
What is -103213 (base 4) in base 6?
-5451
-7632 (base 8) to base 14
-1654
What is -31123 (base 7) in base 6?
-55124
What is -24470 (base 11) in base 5?
-2111132
6908 (base 10) to base 5
210113
-154 (base 6) to base 2
-1000110
Convert -20223 (base 4) to base 3.
-202120
cbb (base 14) to base 6
15353
What is -1788 (base 14) in base 13?
-1c0b
283 (base 10) to base 7
553
Convert 1334 (base 9) to base 6.
4351
Convert -344 (base 9) to base 15.
-13d
What is -101011202 (base 3) in base 15?
-22e8
What is -67d5 (base 15) in base 8?
-53011
364 (base 10) to base 13
220
What is 1b0 (base 12) in base 16?
114
Convert -31a (base 14) to base 5.
-4422
What is 660 (base 16) in base 5?
23012
Convert -512 (base 16) to base 13.
-78b
What is -151a1 (base 13) in base 2?
-1001101110100110
What is -a1b (base 15) in base 2?
-100011100100
3121133 (base 5) to base 9
77471
-101111001 (base 2) to base 11
-313
-12107 (base 8) to base 14
-1c6b
What is 3bcf (base 16) in base 8?
35717
What is -b3 (base 15) in base 4?
-2220
What is 1120011 (base 3) in base 12?
7aa
Convert 102405 (base 7) to base 14.
663c
Convert -3c2c (base 13) to base 16.
-21d1
What is 6046 (base 11) in base 5?
224121
What is -a5a1 (base 12) in base 13?
-832c
77f (base 16) to base 12
113b
-21110202 (base 3) to base 10
-5447
4a3 (base 12) to base 10
699
What is -633e (base 16) in base 5?
-1303111
919c (base 13) to base 15
5e31
-54a2 (base 13) to base 5
-334133
Convert 414 (base 12) to base 7.
1504
What is 6426 (base 12) in base 16?
2ade
Convert -10323 (base 8) to base 16.
-10d3
-3041 (base 5) to base 14
-204
-1011001001 (base 2) to base 7
-2036
801c (base 14) to base 15
67a3
Convert -522 (base 8) to base 11.
-288
-2100212 (base 3) to base 6
-11552
4198 (base 13) to base 12
530a
Convert -565 (base 15) to base 3.
-1200012
Convert -c28 (base 15) to base 10.
-2738
-793 (base 10) to base 6
-3401
What is 7795 (base 10) in base 7?
31504
Convert 51819 (base 11) to base 15.
1759e
What is -7999 (base 10) in base 6?
-101011
-1521 (base 7) to base 2
-1001011011
What is 21003 (base 4) in base 16?
243
Convert 112604 (base 7) to base 6.
233252
What is 1332 (base 4) in base 7?
240
-1514 (base 6) to base 14
-210
Convert 12020111 (base 3) to base 11.
2963
Convert 47f (base 16) to base 11.
957
37632 (base 9) to base 2
110001011010101
4526 (base 7) to base 15
742
Convert -21230 (base 4) to base 5.
-4440
Convert -3262 (base 8) to base 2.
-11010110010
Convert -5e (base 15) to base 8.
-131
What is -c590 (base 16) in base 6?
-1030052
13222 (base 6) to base 9
2705
-11021231 (base 4) to base 15
-63bb
What is -557 (base 9) in base 4?
-13021
What is -5aa (base 13) in base 11?
-816
1312 (base 10) to base 11
a93
Convert 72205 (base 8) to base 15.
8c89
What is 11000001100101 (base 2) in base 8?
30145
What is -34628 (base 9) in base 11?
-16400
What is -82f5 (base 16) in base 5?
-2033100
-12422 (base 7) to base 16
-ce3
Convert 1231 (base 7) to base 12.
327
-2294 (base 11) to base 8
-5677
11125 (base 6) to base 7
4364
3047 (base 8) to base 7
4410
Convert 32733 (base 8) to base 11.
a3a4
-3612 (base 7) to base 10
-1332
-191b (base 12) to base 2
-101111100111
-30022 (base 4) to base 3
-1001211
Convert 9687 (base 10) to base 8.
22727
Convert 120322 (base 4) to base 3.
2012001
What is 1b82 (base 15) in base 11?
453a
What is -66c (base 14) in base 12?
-8a0
What is 5bc5 (base 14) in base 15?
4b4e
-12643 (base 10) to base 3
-122100021
Convert -2562a (base 11) to base 12.
-1929b
What is 20200201 (base 3) in base 2?
1001100001111
Convert -11165 (base 7) to base 14.
-106c
13a05 (base 13) to base 9
55481
Convert -cb1 (base 15) to base 5.
-42431
What is 632 (base 8) in base 10?
410
What is -e48 (base 15) in base 4?
-302102
Convert 21de (base 16) to base 8.
20736
b25d (base 14) to base 8
73703
Convert 96 (base 14) to base 10.
132
-c46b (base 16) to base 9
-75870
Convert 315 (base 7) to base 8.
237
What is -6335 (base 7) in base 8?
-4267
-4333 (base 8) to base 3
-10002222
Convert -1152a (base 11) to base 16.
-40e1
Convert 3369 (base 10) to base 14.
1329
What is -31105 (base 9) in base 15?
-6118
What is 103232 (base 5) in base 12?
2093
-187 (base 15) to base 10
-352
Convert 41144 (base 5) to base 8.
5162
Convert -93 (base 15) to base 9.
-163
Convert -1212111 (base 4) to base 5.
-202144
-12023 (base 4) to base 13
-245
-1ba (base 13) to base 15
-167
Convert -1bb (base 14) to base 3.
-111101
What is 20452 (base 9) in base 5?
412433
-17c5 (base 13) to base 16
-dd5
What is -802 (base 15) in base 11?
-1399
2671 (base 9) to base 6
13144
Convert -20313212 (base 4) to base 8.
-106746
Convert -614 (base 7) to base 5.
-2210
Convert -376 (base 9) to base